1498 a multiple of 13?
False
Is 747 a factor of 224728539?
False
Is 339247494 a multiple of 54?
True
Is 78 a factor of 1474669512?
False
Is 5392247603 a multiple of 2755?
False
Does 143 divide 17630327?
True
Is 2115 a factor of 35889435?
True
Is 126 a factor of 681167141?
False
Is 5 a factor of 1469153030?
True
Is 34 a factor of 139578005?
False
Is 31 a factor of 103889897?
True
Does 15 divide 15371407?
False
Is 9521837 even?
False
Does 3141 divide 244854715?
False
Does 41 divide 17674157?
True
Is 26581407 a multiple of 41?
True
Is 15604916 a multiple of 3?
False
Is 1236886731 a multiple of 158?
False
Is 1320 a factor of 53305560?
True
Does 4605 divide 70061880?
False
Is 30 a factor of 15227400?
True
Is 25 a factor of 35610378?
False
Is 11 a factor of 407020113?
False
Does 1407 divide 755595582?
True
Is 10 a factor of 250580770?
True
Does 145 divide 6959017918?
False
Is 3439 a factor of 895454664?
False
Is 6035226 a multiple of 77?
False
Is 9 a factor of 113893650?
True
Does 3155 divide 873039723?
False
Is 6753718115 a multiple of 8226?
False
Does 4 divide 85918840?
True
Does 53 divide 41531595?
True
Is 3548419980 a multiple of 20?
True
Is 2581467625 a multiple of 41?
True
Is 482490770 a multiple of 432?
False
Is 6 a factor of 15800994?
True
Is 85 a factor of 282048615?
True
Does 162 divide 30206721?
False
Is 46 a factor of 8592726?
False
Does 3881 divide 6774312667?
True
Does 162 divide 125487468?
True
Is 37 a factor of 52285215?
False
Is 575 a factor of 153003052?
False
Does 377 divide 71358285?
False
Does 11 divide 8676118?
True
Does 203 divide 828142656?
False
Is 187 a factor of 130560915?
False
Does 397 divide 16282955?
True
Does 4443 divide 89522007?
True
Is 278 a factor of 218967812?
True
Is 82 a factor of 4153874?
True
Is 51753942 a multiple of 558?
True
Is 91 a factor of 10997367?
False
Is 11912088 a multiple of 427?
False
Is 9 a factor of 2585410?
False
Is 196 a factor of 1870624?
True
Does 3 divide 1665960?
True
Is 45885743 a multiple of 605?
False
Does 61 divide 227196635?
True
Does 26 divide 164653344?
False
Does 304 divide 73198248?
False
Is 163 a factor of 19204008?
True
Is 3 a factor of 228477899?
False
Is 1618 a factor of 98938704?
False
Is 37553802 a multiple of 598?
True
Does 818 divide 800150281?
False
Is 34705267 a multiple of 223?
True
Is 16703579 a multiple of 267?
False
Is 2417 a factor of 1210404781?
False
Is 1330 a factor of 2924842900?
True
Is 3308 a factor of 278272268?
True
Does 8 divide 1045645400?
True
Is 4 a factor of 10477672?
True
Is 34412384 a multiple of 27?
False
Is 1165461371 a multiple of 55?
False
Is 75 a factor of 290136192?
False
Is 3 a factor of 85280?
False
Is 3 a factor of 47461121?
False
Does 93 divide 2823108?
True
Does 58 divide 459714902?
True
Is 33649196 a multiple of 4?
True
Does 3 divide 859702150?
False
Does 32 divide 332905472?
True
Is 358329484 a multiple of 211?
True
Does 47 divide 30262537?
False
Is 158 a factor of 620400292?
False
Is 15 a factor of 2280986880?
True
Is 16658590 a multiple of 13?
True
Is 20643596 a multiple of 2?
True
Does 82 divide 451145807?
False
Does 48 divide 3582468195?
False
Does 233 divide 328820544?
False
Does 11 divide 13474241?
True
Is 18 a factor of 34482545?
False
Is 8244 a factor of 1409189024?
False
Is 97030616 a multiple of 816?
False
Is 18 a factor of 783262787?
False
Is 1556 a factor of 856610600?
False
Does 72 divide 10675399?
False
Is 75752785 a multiple of 881?
True
Does 3499 divide 97370172?
True
Is 4185584478 a multiple of 4343?
False
Does 25 divide 369552055?
False
Does 3 divide 91583647?
False
Is 241688697 a multiple of 201?
False
Is 40295403 a multiple of 759?
False
Does 173 divide 215051975?
True
Is 22302628 a multiple of 409?
False
Is 702458877 a multiple of 220?
False
Is 182404987 a multiple of 163?
True
Does 976 divide 55688585?
False
Does 61 divide 73570392?
True
Does 20 divide 1217935503?
False
Is 2299176476 a multiple of 93?
False
Does 69 divide 28370472?
False
Is 1031900073 a multiple of 83?
True
Does 15 divide 25317345?
True
Is 763502769 a multiple of 11?
False
Is 985 a factor of 896350?
True
Is 433868007 a multiple of 1588?
False
Does 666 divide 1401270976?
False
Is 247279950 a multiple of 3?
True
Does 390 divide 313381770?
True
Is 68028475 a multiple of 59?
True
Is 716503132 a multiple of 19?
False
Is 538392588 a multiple of 228?
True
Is 3586756523 a multiple of 2461?
False
Is 975 a factor of 67939679?
False
Is 3161 a factor of 509979143?
False
Is 654 a factor of 250727173?
False
Is 92 a factor of 3561930952?
False
Is 16 a factor of 668394288?
True
Is 841569996 a multiple of 276?
False
Does 96 divide 38694144?
True
Is 100605720 a multiple of 15?
True
Is 92899584 a multiple of 732?
True
Does 6 divide 176501988?
True
Does 2237 divide 233491349?
True
Does 31 divide 20563347?
False
Does 105 divide 23912595?
True
Is 22261473 a multiple of 27?
True
Is 149933724 a multiple of 531?
False
Does 40 divide 72314960?
True
Is 729 a factor of 498831372?
True
Is 8638980 a multiple of 12?
True
Is 36 a factor of 13495680?
True
Does 18 divide 6670997?
False
Does 77 divide 1453629858?
False
Is 2747745696 a multiple of 67?
False
Is 14 a factor of 31353710?
False
Does 154 divide 2476514348?
True
Is 2 a factor of 14045352?
True
Does 363 divide 97178730?
True
Does 23 divide 72173839?
True
Is 13 a factor of 533082992?
True
Is 17537908 a multiple of 65?
False
Does 6 divide 7276558?
False
Does 23 divide 111624497?
True
Is 118452068 a multiple of 9?
False
Is 279 a factor of 128273319?
True
Is 162 a factor of 941035806?
True
Does 1112 divide 86888344?
True
Is 14713208 a multiple of 58?
True
Is 68 a factor of 62570778?
False
Does 68 divide 363169208?
False
Does 1231 divide 94725450?
True
Does 31 divide 135943525?
True
Is 272460 a multiple of 10?
True
Is 59623938 a multiple of 1254?
True
Is 3594 a factor of 142467243?
False
Does 4 divide 4686937?
False
Does 80 divide 112430252?
False
Is 189 a factor of 24512355?
True
Does 13 divide 139337016?
True
Is 16 a factor of 208275474?
False
Is 302414629 a multiple of 37?
False
Is 21632641 a multiple of 184?
False
Does 4568 divide 3359181390?
False
Is 155 a factor of 235067437?
False
Is 2079570541 a multiple of 3771?
False
Is 5 a factor of 3831125?
True
Is 35798267 a multiple of 38?
False
Is 443 a factor of 1125217871?
False
Is 159 a factor of 5730984463?
False
Is 41 a factor of 2998135414?
True
Does 2995 divide 160319355?
True
Is 2759 a factor of 114718023?
False
Is 23855855 a multiple of 24?
False
Is 647685351 a multiple of 10?
False
Does 36 divide 16461191?
False
Is 1135521640 a multiple of 2365?
True
Does 284 divide 30189200?
True
Does 1198 divide 32453199?
False
Does 16 divide 45884880?
True
Is 579 a factor of 915353259?
True
Does 1306 divide 62185190?
True
Is 3 a factor of 73885433?
False
Does 2019 divide 126466122?
True
Does 51 divide 14169483?
True
Is 1011 a factor of 60507040?
False
Is 73 a factor of 174453794?
True
Is 98 a factor of 12707129?
False
Does 2459 divide 126409617?
False
Does 139 divide 128110818?
False
Does 947 divide 19372265?
False
Is 249590646 a multiple of 11?
False
Is 43887523 a multiple of 59?
False
Is 3746 a factor of 182377756?
True
Is 9 a factor of 7511652?
True
Is 709591995 a multiple of 5465?
True
Does 53 divide 20902797?
False
Is 3168 a factor of 849266953?
False
Is 8914386 a multiple of 30?
False
Does 9 divide 1594021428?
True
Is 101240365 a multiple of 758?
False
Is 185715827 a multiple of 12?
False
Is 65994317 a multiple of 14?
False
Is 826958708 a multiple of 577?
True
Is 15163646 a multiple of 7?
False
Is 67284100 a multiple of 949?
True
Is 2950636115 a multiple of 3590?
False
Does 2000 divide 254618178?
False
Is 4 a factor of 60051088?
True
Is 1845 a factor of 21045915?
True
Is 9 a factor of 289069000?
False
Is 290 a factor of 20872750?
True
Does 5 divide 1801092911?
False
Does 62 divide 65270500?
True
Is 16 a factor of 539076832?
True
Is 9071723 a multiple of 348?
False
Is 135508026 a multiple of 1182?
True
Is 2945 a factor of 445063125?
True
Does 12 divide 198741744?
True
Is 931876080 a multiple of 17?
True
Is 11 a factor of 58833996?
False
Does 16 divide 71136169?
False
Does 279 divide 124905789?
True
Is 2384 a factor of 129110030?
False
Does 2384 divide 15064496?
True
Is 661112